-2 + -103?
-105
In base 2, what is 111011110 + 1?
111011111
In base 2, what is -100011 + -10010000?
-10110011
In base 11, what is 3596 + 4?
359a
In base 4, what is -1 + 121?
120
In base 4, what is -122 + -132?
-320
In base 10, what is -1062 + -1?
-1063
In base 12, what is -1081 + 5?
-1078
In base 3, what is 10000 - 1?
2222
In base 2, what is -1011101011 + 100?
-1011100111
In base 9, what is 4403 - 5?
4387
In base 9, what is 44 + -11?
33
In base 6, what is 5 - -51?
100
In base 12, what is 525 - 4?
521
In base 3, what is -12 + -211?
-1000
In base 15, what is -c5 + -3?
-c8
In base 9, what is 4 + -1475?
-1471
In base 5, what is -1024 + -11?
-1040
In base 8, what is -210 + 7?
-201
In base 13, what is 1 + 2236?
2237
In base 5, what is -3 + -11320?
-11323
In base 8, what is 3154 - 7?
3145
In base 3, what is 12 + 1002?
1021
In base 3, what is 21 - 121?
-100
In base 8, what is 12427 + -1?
12426
In base 12, what is 0 + -7?
-7
In base 3, what is -1 - -2201?
2200
In base 7, what is 200 + 14?
214
In base 11, what is 59 + 133?
191
In base 8, what is 137 - 7?
130
In base 10, what is -17 + 1034?
1017
In base 10, what is 190 - 3?
187
In base 16, what is -1a2 + -5?
-1a7
In base 2, what is -11 - -111001011?
111001000
In base 2, what is 101 - -1100101?
1101010
In base 5, what is 234 + 1?
240
In base 3, what is -1100 + -21?
-1121
In base 9, what is -368 - 32?
-411
In base 10, what is -5 + 11?
6
In base 16, what is -2 - -1f?
1d
In base 14, what is -2c2 - 1?
-2c3
In base 15, what is 74 - -4?
78
In base 14, what is 4 + -a6b?
-a67
In base 3, what is 12 - 2120?
-2101
In base 6, what is -21 + 1201?
1140
In base 10, what is 1283 - -7?
1290
In base 6, what is -42 + 0?
-42
In base 16, what is -3 + 202?
1ff
In base 11, what is 37 + 25?
61
In base 4, what is 122022 - 10?
122012
In base 6, what is 1 + 400?
401
In base 12, what is -3 + -3167?
-316a
In base 15, what is -178 + 0?
-178
In base 11, what is 12 + -89?
-77
In base 9, what is -122 + -14?
-136
In base 6, what is -1 - 432?
-433
In base 8, what is -10 + -10?
-20
In base 3, what is -110 + 1222?
1112
In base 13, what is -1ac7 + 0?
-1ac7
In base 3, what is 1122000 + 1?
1122001
In base 8, what is 0 - 55?
-55
In base 2, what is 100 + 11110?
100010
In base 3, what is -112221 - 12?
-120010
In base 15, what is -2e - 205?
-234
In base 15, what is 37 + b?
43
In base 4, what is 2 - -31113?
31121
In base 5, what is -1114 + 3?
-1111
In base 6, what is 3 + -225?
-222
In base 8, what is 15424 - 4?
15420
In base 3, what is -220 - 1020011?
-1021001
In base 13, what is 0 - 4a3?
-4a3
In base 4, what is 32 - 22?
10
In base 3, what is 1100122 - 1?
1100121
In base 16, what is -3 + -9b9?
-9bc
In base 5, what is 23004 - 2?
23002
In base 5, what is -21 - -2?
-14
In base 16, what is -7 - -f?
8
In base 5, what is -2302 - 2?
-2304
In base 7, what is -2 - -3244?
3242
In base 2, what is 110001101 + -1?
110001100
In base 3, what is 1 + 1000?
1001
In base 4, what is -22 + -1012?
-1100
In base 5, what is 2304 + -2?
2302
In base 8, what is -361 + -2?
-363
In base 16, what is 3 - 79c?
-799
In base 8, what is -17 + -261?
-300
In base 10, what is -2547 - -5?
-2542
In base 5, what is -11242 - -1?
-11241
In base 6, what is -3023 - 3?
-3030
In base 10, what is 24 - 77?
-53
In base 7, what is -1 + 14166?
14165
In base 11, what is a0 + 0?
a0
In base 9, what is -2 - 141?
-143
In base 12, what is -1 - 1a?
-1b
In base 13, what is 759 + -2?
757
In base 4, what is 10 + 1011?
1021
In base 3, what is 2212 - 2?
2210
In base 12, what is 7 - 98?
-91
In base 16, what is -6 - -35?
2f
In base 11, what is 453 - -44?
497
In base 13, what is -5168 + -3?
-516b
In base 3, what is -10 + 12122?
12112
In base 2, what is 1111001 + -100?
1110101
In base 14, what is 5 - 2c2?
-2bb
In base 14, what is 0 + 693?
693
In base 4, what is 1031 + 3322?
11013
In base 3, what is 2022 + 12210?
22002
In base 9, what is 4 + 58?
63
In base 12, what is 5 - -2a?
33
In base 12, what is -4 - -224?
220
In base 6, what is 3 + 12?
15
In base 10, what is -12 + -114?
-126
In base 14, what is -116 - 4?
-11a
In base 16, what is -9b2 + -2?
-9b4
In base 3, what is -1100120220 - -2?
-1100120211
In base 12, what is -9365 + -5?
-936a
In base 14, what is 3 - 66?
-63
In base 16, what is 4 - 5f?
-5b
In base 6, what is 214 + -5?
205
In base 2, what is -1101110101101 - -1?
-1101110101100
In base 9, what is -1603 - 4?
-1607
In base 12, what is -2 + 23b?
239
In base 3, what is 112 - -2002?
2121
In base 11, what is -881 - 2?
-883
In base 7, what is 1 - -216?
220
In base 15, what is -58 + -5?
-5d
In base 6, what is 20 + 2443?
2503
In base 13, what is -b - 0?
-b
In base 12, what is -3a + -1?
-3b
In base 4, what is 212 + -11110?
-10232
In base 9, what is -403 + 12?
-381
In base 5, what is -2 - 112432?
-112434
In base 7, what is 10233 - 1?
10232
In base 2, what is 10000000 - 100?
1111100
In base 15, what is 18b3 + -3?
18b0
In base 7, what is 3 + -416?
-413
In base 3, what is 11 + 1111?
1122
In base 4, what is 0 + 20212?
20212
In base 11, what is -14 + 4?
-10
In base 15, what is 6a - -2?
6c
In base 5, what is -322 - -10?
-312
In base 3, what is 1 + 210?
211
In base 9, what is 1 + 1220?
1221
In base 7, what is 132 - 1?
131
In base 9, what is -617 + 1?
-616
In base 11, what is a13 - 2?
a11
In base 10, what is -3 + 682?
679
In base 10, what is 6 - -3?
9
In base 14, what is -5 - 241?
-246
In base 10, what is 5 - 104?
-99
In base 6, what is -231 - 22?
-253
In base 8, what is -134 - 56?
-212
In base 11, what is 724 + 5?
729
In base 10, what is 0 + -127?
-127
In base 15, what is -cc - 2?
-ce
In base 12, what is -55 + 11?
-44
In base 2, what is -100100101101 - -101?
-100100101000
In base 5, what is 3 + -131401?
-131343
In base 16, what is -55 + -5?
-5a
In base 16, what is b0 + 5?
b5
In base 3, what is 1000002 + 1?
1000010
In base 7, what is -2 - 34?
-36
In base 10, what is -205 - 1?
-206
In base 5, what is 1334123 + 0?
1334123
In base 14, what is 4 - -35?
39
In base 2, what is 0 - -1110?
1110
In base 5, what is 4 + 20?
24
In base 12, what is 76 - -63?
119
In base 12, what is 3a7 + 4?
3ab
In base 3, what is -2020 + 12?
-2001
In base 12, what is -11 + -14?
-25
In base 11, what is -69 + 0?
-69
In base 15, what is -2 - 99c?
-99e
In base 13, what is -72c - 3?
-732
In base 9, what is -281 + 3?
-277
In base 12, what is 1496 - -3?
1499
In base 11, what is -6 - -3a?
34
In base 9, what is -1837 + 3?
-1834
In base 10, what is -377 + 0?
-377
In base 16, what is 4 + 1166?
116a
In base 14, what is -b43 - 1?
-b44
In base 3, what is -22 + 12121?
12022
In base 9, what is 25 + 224?
250
In base 11, what is 8 - -15?
22
In base 16, what is -3 + 20?
1d
In base 2, what is 1000 - 1010?
-10
In base 6, what is 3 + -12323?
-12320
In base 5, what is 2 - 1200?
-1143
In base 10, what is -634 + -8?
-642
In base 7, what is 133 + -226?
-63
In base 8, what is -2 - 1674?
-1676
In base 3, what is -21021101 - 12?
-21021120
In base 7, what is -63 + -146?
-242
In base 5, what is 1222 - -10?
1232
In base 11, what is -320 + -7?
-327
In base 6, what is -2 + -3454?
-3500
In base 7, what is 3 - -501?
504
In base 11, what is 28 - 90?
-63
In base 11, what is -9 - -88?
7a
In base 3, what is -101 - -1?
-100
In base 3, what is -210220 + 102?
-210111
In base 6, what is 134 - 5?
125
In base 2, what is -1000 + 0?
-1000
In base 5, what is 1421 + 2?
1423
In base 12, what is -394 + -2?
-396
In base 11, what is 312 - 3?
30a
In base 5, what is -13434 + 14?
-13420
In base 12, what is -271 + 8?
-265
In base 2, what is 100010010 - -10?
100010100
In base 11, what is 727 - 4?
723
In base 15, what is -4 - 274?
-278
In base 10, what is -4 + -1417?
-1421
In base 6, what is 15353 - -4?
15401
In base 11, what is -5 + 69?
64
In base 7, what is 34 + 32?
66
In base 12, what is 3 + 96?
99
In base 7, what is 54 + 233?
320
In base 7, what is -2 + -120?
-122
In base 5, what is -122 - -143?
21
In base 3, what is -21000 + 100?
-20200
In base 4, what is 10220 - -3?
10223
In base 15, what is 8 - -211?
219
In base 2, what is -101 + 100100?
11111
In base 6, what is -1 + 1402?
1401
In base 5, what is 2110 - -201?
2311
In base 8, what is 2 + -45?
-43
In base 16, what is 1 - f6?
-f5
In base 6, what is -12 - 4240?
-4252
In base 16, what is -7 - 13?
-1a
In base 16, what is 3 + -1d9?
-1d6
In base 16, what is 269 - -